{"id":64,"date":"2020-01-28T10:58:42","date_gmt":"2020-01-28T10:58:42","guid":{"rendered":"https:\/\/hechtkopie.at\/?page_id=64"},"modified":"2022-08-25T18:23:03","modified_gmt":"2022-08-25T18:23:03","slug":"impressum","status":"publish","type":"page","link":"https:\/\/hechtkopie.at\/index.php\/impressum\/","title":{"rendered":"Impressum"},"content":{"rendered":"<p>[et_pb_section fb_built=&#8220;1&#8243; _builder_version=&#8220;3.29.3&#8243;][et_pb_row _builder_version=&#8220;3.29.3&#8243; hover_enabled=&#8220;0&#8243;][et_pb_column _builder_version=&#8220;3.29.3&#8243; type=&#8220;4_4&#8243;][et_pb_text _builder_version=&#8220;3.29.3&#8243; hover_enabled=&#8220;0&#8243;]<\/p>\n<div class=\"et_pb_column et_pb_column_4_4 et_pb_column_0 et_pb_css_mix_blend_mode_passthrough et-last-child\">\n<div class=\"et_pb_module et_pb_text et_pb_text_0 et_pb_text_align_left et_pb_bg_layout_light\">\n<div class=\"et_pb_text_inner\">\n<h1>Impressum<\/h1>\n<\/div>\n<\/div>\n<div class=\"et_pb_module et_pb_text et_pb_text_1 et_pb_text_align_left et_pb_bg_layout_light\">\n<div class=\"et_pb_text_inner\">\n<p>Betrieben von und verantwortlich f\u00fcr die Informationen dieser Webseite ist:<\/p>\n<p>Roland Hecht<br \/>\nKopier- und Plotservice HECHT<br \/>\nHellbrunner Stra\u00dfe 3<br \/>\n5020 Salzburg<br \/>\n\u00d6sterreich<br \/>\nTel.: +43 662 \/ 84 24 96<br \/>\nE-Mail: office@hechtkopie.at<\/p>\n<p>UID: ATU62200905<br \/>\nGewerbebeh\u00f6rde: Bezirkshauptmannschaft Salzburg Stadt<br \/>\nMitgliedschaften: WK\u00d6, WKS<br \/>\nAnwendbare Rechtsvorschriften: Gewerbeordnung <a href=\"https:\/\/www.ris.bka.gv.at\">www.ris.bka.gv.at<\/a><\/p>\n<p>&nbsp;<\/p>\n<h4>Angaben zur Online-Streitbeilegung<\/h4>\n<p>Verbraucher haben die M\u00f6glichkeit, Beschwerden an die Online-Streitbeilegungsplattform der EU zu richten: <a href=\"http:\/\/ec.europa.eu\/odr\">http:\/\/ec.europa.eu\/odr<\/a><br \/>\nSie k\u00f6nnen allf\u00e4llige Beschwerden auch an die oben angegebene E-Mail-Adresse richten.<\/p>\n<\/div>\n<\/div>\n<\/div>\n<p>[\/et_pb_text][\/et_pb_column][\/et_pb_row][\/et_pb_section]<\/p>\n","protected":false},"excerpt":{"rendered":"<p>Impressum Betrieben von und verantwortlich f\u00fcr die Informationen dieser Webseite ist: Roland Hecht Kopier- und Plotservice HECHT Hellbrunner Stra\u00dfe 3 5020 Salzburg \u00d6sterreich Tel.: +43 662 \/ 84 24 96 E-Mail: office@hechtkopie.at UID: ATU62200905 Gewerbebeh\u00f6rde: Bezirkshauptmannschaft Salzburg Stadt Mitgliedschaften: WK\u00d6, WKS Anwendbare Rechtsvorschriften: Gewerbeordnung www.ris.bka.gv.at &nbsp; Angaben zur Online-Streitbeilegung Verbraucher haben die M\u00f6glichkeit, Beschwerden an [&hellip;]<\/p>\n","protected":false},"author":1,"featured_media":0,"parent":0,"menu_order":0,"comment_status":"closed","ping_status":"closed","template":"","meta":{"_et_pb_use_builder":"on","_et_pb_old_content":"","_et_gb_content_width":"","footnotes":""},"class_list":["post-64","page","type-page","status-publish","hentry"],"yoast_head":"<!-- This site is optimized with the Yoast SEO plugin v27.5 - https:\/\/yoast.com\/product\/yoast-seo-wordpress\/ -->\n<title>Impressum - Kopier- und Plotservice HECHT<\/title>\n<meta name=\"robots\" content=\"index, follow, max-snippet:-1, max-image-preview:large, max-video-preview:-1\" \/>\n<link rel=\"canonical\" href=\"https:\/\/hechtkopie.at\/index.php\/impressum\/\" \/>\n<meta property=\"og:locale\" content=\"de_DE\" \/>\n<meta property=\"og:type\" content=\"article\" \/>\n<meta property=\"og:title\" content=\"Impressum - Kopier- und Plotservice HECHT\" \/>\n<meta property=\"og:description\" content=\"Vorr\u00fcbergehende \u00d6ffnungszeitenSehr geehrte Kundin, sehr geehrter Kunde, Wir haben derzeit Montag-Donnerstag von 8-16 Uhr und Freitag von 8-12 Uhr ge\u00f6ffnet. Gerne stehen wir telefonisch unter 0662 \/ 84 24 96\u202c zur Verf\u00fcgung.Emails erreichen uns unter office@hechtkopie.at .Wenn Sie uns vor Ort besuchen m\u00f6chten, denken Sie bitte an den vorgeschriebenen Mund-Nasen-Schutz. Diese Ma\u00dfnahmen dienen Ihrem Schutz [&hellip;]\" \/>\n<meta property=\"og:url\" content=\"https:\/\/hechtkopie.at\/index.php\/impressum\/\" \/>\n<meta property=\"og:site_name\" content=\"Kopier- und Plotservice HECHT\" \/>\n<meta property=\"article:modified_time\" content=\"2022-08-25T18:23:03+00:00\" \/>\n<meta name=\"twitter:card\" content=\"summary_large_image\" \/>\n<meta name=\"twitter:label1\" content=\"Gesch\u00e4tzte Lesezeit\" \/>\n\t<meta name=\"twitter:data1\" content=\"1 Minute\" \/>\n<script type=\"application\/ld+json\" class=\"yoast-schema-graph\">{\"@context\":\"https:\\\/\\\/schema.org\",\"@graph\":[{\"@type\":\"WebPage\",\"@id\":\"https:\\\/\\\/hechtkopie.at\\\/index.php\\\/impressum\\\/\",\"url\":\"https:\\\/\\\/hechtkopie.at\\\/index.php\\\/impressum\\\/\",\"name\":\"Impressum - Kopier- und Plotservice HECHT\",\"isPartOf\":{\"@id\":\"https:\\\/\\\/hechtkopie.at\\\/#website\"},\"datePublished\":\"2020-01-28T10:58:42+00:00\",\"dateModified\":\"2022-08-25T18:23:03+00:00\",\"breadcrumb\":{\"@id\":\"https:\\\/\\\/hechtkopie.at\\\/index.php\\\/impressum\\\/#breadcrumb\"},\"inLanguage\":\"de-AT\",\"potentialAction\":[{\"@type\":\"ReadAction\",\"target\":[\"https:\\\/\\\/hechtkopie.at\\\/index.php\\\/impressum\\\/\"]}]},{\"@type\":\"BreadcrumbList\",\"@id\":\"https:\\\/\\\/hechtkopie.at\\\/index.php\\\/impressum\\\/#breadcrumb\",\"itemListElement\":[{\"@type\":\"ListItem\",\"position\":1,\"name\":\"Home\",\"item\":\"https:\\\/\\\/hechtkopie.at\\\/\"},{\"@type\":\"ListItem\",\"position\":2,\"name\":\"Impressum\"}]},{\"@type\":\"WebSite\",\"@id\":\"https:\\\/\\\/hechtkopie.at\\\/#website\",\"url\":\"https:\\\/\\\/hechtkopie.at\\\/\",\"name\":\"Kopier- und Plotservice HECHT\",\"description\":\"Wir bringen Ihre Kreativit\u00e4t zum Ausdruck\",\"publisher\":{\"@id\":\"https:\\\/\\\/hechtkopie.at\\\/#organization\"},\"potentialAction\":[{\"@type\":\"SearchAction\",\"target\":{\"@type\":\"EntryPoint\",\"urlTemplate\":\"https:\\\/\\\/hechtkopie.at\\\/?s={search_term_string}\"},\"query-input\":{\"@type\":\"PropertyValueSpecification\",\"valueRequired\":true,\"valueName\":\"search_term_string\"}}],\"inLanguage\":\"de-AT\"},{\"@type\":\"Organization\",\"@id\":\"https:\\\/\\\/hechtkopie.at\\\/#organization\",\"name\":\"Kopier- und Plotservice HECHT\",\"url\":\"https:\\\/\\\/hechtkopie.at\\\/\",\"logo\":{\"@type\":\"ImageObject\",\"inLanguage\":\"de-AT\",\"@id\":\"https:\\\/\\\/hechtkopie.at\\\/#\\\/schema\\\/logo\\\/image\\\/\",\"url\":\"https:\\\/\\\/hechtkopie.at\\\/wp-content\\\/uploads\\\/2020\\\/01\\\/Logo_Hecht_Plain.png\",\"contentUrl\":\"https:\\\/\\\/hechtkopie.at\\\/wp-content\\\/uploads\\\/2020\\\/01\\\/Logo_Hecht_Plain.png\",\"width\":148,\"height\":32,\"caption\":\"Kopier- und Plotservice HECHT\"},\"image\":{\"@id\":\"https:\\\/\\\/hechtkopie.at\\\/#\\\/schema\\\/logo\\\/image\\\/\"}}]}<\/script>\n<!-- \/ Yoast SEO plugin. -->","yoast_head_json":{"title":"Impressum - Kopier- und Plotservice HECHT","robots":{"index":"index","follow":"follow","max-snippet":"max-snippet:-1","max-image-preview":"max-image-preview:large","max-video-preview":"max-video-preview:-1"},"canonical":"https:\/\/hechtkopie.at\/index.php\/impressum\/","og_locale":"de_DE","og_type":"article","og_title":"Impressum - Kopier- und Plotservice HECHT","og_description":"Vorr\u00fcbergehende \u00d6ffnungszeitenSehr geehrte Kundin, sehr geehrter Kunde, Wir haben derzeit Montag-Donnerstag von 8-16 Uhr und Freitag von 8-12 Uhr ge\u00f6ffnet. Gerne stehen wir telefonisch unter 0662 \/ 84 24 96\u202c zur Verf\u00fcgung.Emails erreichen uns unter office@hechtkopie.at .Wenn Sie uns vor Ort besuchen m\u00f6chten, denken Sie bitte an den vorgeschriebenen Mund-Nasen-Schutz. Diese Ma\u00dfnahmen dienen Ihrem Schutz [&hellip;]","og_url":"https:\/\/hechtkopie.at\/index.php\/impressum\/","og_site_name":"Kopier- und Plotservice HECHT","article_modified_time":"2022-08-25T18:23:03+00:00","twitter_card":"summary_large_image","twitter_misc":{"Gesch\u00e4tzte Lesezeit":"1 Minute"},"schema":{"@context":"https:\/\/schema.org","@graph":[{"@type":"WebPage","@id":"https:\/\/hechtkopie.at\/index.php\/impressum\/","url":"https:\/\/hechtkopie.at\/index.php\/impressum\/","name":"Impressum - Kopier- und Plotservice HECHT","isPartOf":{"@id":"https:\/\/hechtkopie.at\/#website"},"datePublished":"2020-01-28T10:58:42+00:00","dateModified":"2022-08-25T18:23:03+00:00","breadcrumb":{"@id":"https:\/\/hechtkopie.at\/index.php\/impressum\/#breadcrumb"},"inLanguage":"de-AT","potentialAction":[{"@type":"ReadAction","target":["https:\/\/hechtkopie.at\/index.php\/impressum\/"]}]},{"@type":"BreadcrumbList","@id":"https:\/\/hechtkopie.at\/index.php\/impressum\/#breadcrumb","itemListElement":[{"@type":"ListItem","position":1,"name":"Home","item":"https:\/\/hechtkopie.at\/"},{"@type":"ListItem","position":2,"name":"Impressum"}]},{"@type":"WebSite","@id":"https:\/\/hechtkopie.at\/#website","url":"https:\/\/hechtkopie.at\/","name":"Kopier- und Plotservice HECHT","description":"Wir bringen Ihre Kreativit\u00e4t zum Ausdruck","publisher":{"@id":"https:\/\/hechtkopie.at\/#organization"},"potentialAction":[{"@type":"SearchAction","target":{"@type":"EntryPoint","urlTemplate":"https:\/\/hechtkopie.at\/?s={search_term_string}"},"query-input":{"@type":"PropertyValueSpecification","valueRequired":true,"valueName":"search_term_string"}}],"inLanguage":"de-AT"},{"@type":"Organization","@id":"https:\/\/hechtkopie.at\/#organization","name":"Kopier- und Plotservice HECHT","url":"https:\/\/hechtkopie.at\/","logo":{"@type":"ImageObject","inLanguage":"de-AT","@id":"https:\/\/hechtkopie.at\/#\/schema\/logo\/image\/","url":"https:\/\/hechtkopie.at\/wp-content\/uploads\/2020\/01\/Logo_Hecht_Plain.png","contentUrl":"https:\/\/hechtkopie.at\/wp-content\/uploads\/2020\/01\/Logo_Hecht_Plain.png","width":148,"height":32,"caption":"Kopier- und Plotservice HECHT"},"image":{"@id":"https:\/\/hechtkopie.at\/#\/schema\/logo\/image\/"}}]}},"_links":{"self":[{"href":"https:\/\/hechtkopie.at\/index.php\/wp-json\/wp\/v2\/pages\/64","targetHints":{"allow":["GET"]}}],"collection":[{"href":"https:\/\/hechtkopie.at\/index.php\/wp-json\/wp\/v2\/pages"}],"about":[{"href":"https:\/\/hechtkopie.at\/index.php\/wp-json\/wp\/v2\/types\/page"}],"author":[{"embeddable":true,"href":"https:\/\/hechtkopie.at\/index.php\/wp-json\/wp\/v2\/users\/1"}],"replies":[{"embeddable":true,"href":"https:\/\/hechtkopie.at\/index.php\/wp-json\/wp\/v2\/comments?post=64"}],"version-history":[{"count":4,"href":"https:\/\/hechtkopie.at\/index.php\/wp-json\/wp\/v2\/pages\/64\/revisions"}],"predecessor-version":[{"id":69,"href":"https:\/\/hechtkopie.at\/index.php\/wp-json\/wp\/v2\/pages\/64\/revisions\/69"}],"wp:attachment":[{"href":"https:\/\/hechtkopie.at\/index.php\/wp-json\/wp\/v2\/media?parent=64"}],"curies":[{"name":"wp","href":"https:\/\/api.w.org\/{rel}","templated":true}]}}